 - 55. Let b(f) = 2*f**3 - 37*f**2 + 2*f + 28. Let z(x) = -9*b(x) - 4*o(x). Is z(-15) a prime number?
True
Suppose -12 = -9*y + 6*y. Suppose 5*x - 165 = -5*h - 15, -y*h + 3*x = -134. Suppose -h*d + 36*d = 3356. Is d prime?
True
Suppose 2*v = -5*y + 44958, 0 = 2*y - 8. Is v a composite number?
False
Suppose 43*o - 20 = 38*o. Suppose 2*q = -o*h + 1006, -3*q + h = -3*h - 1509. Let p = 1138 - q. Is p composite?
True
Let i(q) = 12*q + 92. Let p be i(-8). Is 3333 - (1 + (-15)/(20/p)) a prime number?
True
Suppose 0 = 14*y - 1710 - 810. Let d(k) = -k**2 + 2*k + 8. Let f be d(-2). Suppose z - 5*z - i = -225, -3*z + 3*i + y = f. Is z a composite number?
True
Let y be -5 + (-176)/(-40) - (-1198)/5. Let c = 1306 - y. Is c prime?
False
Suppose -m = -4*o + 27, 0 = -5*o - 0*o + 3*m + 39. Suppose -o*l = -24*l + 230094. Is l prime?
False
Let i = 59884 + 108195. Is i composite?
True
Let d = -6 - -18. Suppose 4 = -0*i - 2*i, -2*k = -3*i - d. Let b(j) = 315*j + 8. Is b(k) a prime number?
True
Let i(d) = d - 1. Let q(y) = 101*y**2 + 5*y + 11. Let m(s) = 4*i(s) + q(s). Let h(p) be the first derivative of m(p). Is h(1) a prime number?
True
Suppose x - 19 = 3*h, 0*h - 4*h - x - 23 = 0. Let m(y) = 64*y**2 - 3*y + 14. Let l be m(h). Suppose 7*b - 23917 + l = 0. Is b prime?
True
Let l = -9389 + 16440. Is l a composite number?
True
Is 5/(100/(-8)) - (-7)/(-70)*-3269654 prime?
False
Let t(c) = 120*c**3 - c**2 - 3*c + 5. Let k be t(2). Suppose 7*d + k + 662 = 0. Let n = d + 442. Is n composite?
False
Let s(l) = -l**3 - 10*l**2 - 10*l - 1. Let b be s(-9). Suppose -c + b*c - 14 = 0. Suppose 1052 = -c*x + 6*x. Is x prime?
True
Suppose 58*u + 39*u - 1713048 = 73*u. Is u a composite number?
True
Suppose -2*f + 2 = 2*x + 2*f, -2 = -2*f. Let i(n) = -4*n - 1. Let p be i(x). Suppose -2387 = p*h - 15650. Is h a prime number?
True
Let s(d) be the first derivative of -d**3/3 - 11*d**2 - 8*d + 189. Is s(-7) a composite number?
False
Let p(t) = 2*t**2 + 14*t + 12. Let b(f) = 3*f**2 + 15*f + 13. Let h(z) = 4*b(z) - 5*p(z). Let w be h(13). Suppose 617 - w = n. Is n prime?
False
Let s(b) = b**2 + 3*b + 3. Let m be s(-2). Let t(n) = 2128*n**2 - n + 2. Is t(m) a composite number?
False
Let q(g) = 6*g**2 - g + 15*g**3 - 6873 - 4*g + 6872. Is q(3) prime?
True
Suppose 0 = 3*t - 7*f + 6*f + 23, -5*t - 4*f - 27 = 0. Let v(w) = -27*w**3 - 3*w**2 + 27*w + 82. Is v(t) prime?
True
Let s(n) = -35*n - 7. Let l(y) = -1. Let g(h) = 3*l(h) - s(h). Let r be 6/14 + (44/28 - 0). Is g(r) a prime number?
False
Let j(p) = -p**3 + 24*p**2 + 52*p - 16. Let o be j(26). Let f(t) be the second derivative of t**4/3 + 13*t**3/6 + 37*t**2/2 - 3*t. Is f(o) a prime number?
True
Let f = 15408 - 3148. Suppose -f = -2*l - 2*j, 0 = 5*l - j - 23892 - 6782. Is l prime?
False
Let t = -48 - -85. Suppose 41*p - 17312 = t*p. Is (p/(-32))/((-15)/12 + 1) a composite number?
False
Is (13970/165 - 83) + -1 + (-3715310)/(-6) prime?
False
Let h = 94 + -92. Suppose -4*l = h*b - 146, 7*l - 4*b = 2*l + 189. Suppose 34*w - l*w = -57. Is w prime?
True
Suppose -1828626 = 64*a + 38*a - 49607568. Is a composite?
False
Let s be 6/(3 - 9) + 222. Let u = 378 - s. Is u a prime number?
True
Let o(k) = 11*k**2 + 2*k - 3. Let q be (128/(-20))/((-3)/60) + 4. Let y = q - 138. Is o(y) a prime number?
False
Suppose 0 = 4*x + 4*f + 120860, -19 = -3*f - 4. Let q = x - -45381. Is q composite?
False
Suppose 36*g + 492530 = 46*g. Is g a composite number?
False
Is (-56)/112*(-76138)/1 prime?
True
Let x(i) = 244*i**3 + 13*i**2 - 48*i - 28. Is x(9) composite?
False
Let p(b) = -10*b - 26. Suppose -6*h + 7 - 67 = 0. Is p(h) a composite number?
True
Let u = -340 - -448. Suppose 781 = -u*a + 109*a. Is a a composite number?
True
Suppose 35270 = 2*y + u, 70520 = 4*y + u - 4*u. Suppose -14456 = -2*o - 5*w - 2678, 3*o - y = w. Is o prime?
True
Suppose 497*r = 260*r + 55611339. Is r prime?
False
Suppose -8*z - 58669 = 5*z. Let s = z + 15266. Is s prime?
True
Let b(h) = -2395*h - 894. Is b(-11) composite?
True
Let t(d) be the third derivative of 71*d**5/30 + 7*d**4/24 + 3*d**3/2 - d**2 + 13. Is t(4) prime?
True
Suppose -2*c = 2*c - 5*m - 105, 3*c = -4*m + 102. Suppose -c*u - 4*u + 322558 = 0. Is u a composite number?
True
Let k(c) = 1073*c**2 - 4*c - 3. Let z be k(-1). Let g = -211 + z. Is g prime?
True
Let q(k) = -19*k**3 + 13*k**2 - 241. Is q(-13) a composite number?
True
Let q be -7 - 1012*2/4. Let z(m) = m**3 - 11*m**2 + 14*m - 12. Let w be z(10). Let o = w - q. Is o prime?
True
Let v = 10549 - 9038. Is v prime?
True
Let g = 12 + 0. Suppose 0 = -3*a - p - 492, -16*a - 5*p - 150 = -15*a. Is 10*a/g*(-6)/15 a prime number?
False
Let m(p) = 2*p**2 + 6 + 3*p - 16 - 3*p - 4*p. Let k be m(8). Let z = -27 + k. Is z a composite number?
False
Suppose -2*a + 35*c - 32*c = -103256, -5*a + 258147 = -4*c. Is a composite?
False
Let h(u) = -u**2 - 7*u - 4. Let c be h(-5). Suppose 1678 = c*y - 224. Let m = y - -150. Is m a prime number?
True
Let x(g) = 1542*g - 35. Suppose -5*q + 39 = 3*r, -2*r = -30*q + 25*q - 1. Is x(r) a composite number?
False
Suppose 5*s = -2*f + 18 - 80, 2*s + 20 = -2*f. Let p(i) = -i**2 - 42*i + 3. Let y(t) = 2*t**2 + 120*t - 11. Let w(h) = -11*p(h) - 4*y(h). Is w(s) prime?
False
Suppose 0 = s + s + 3*s. Let x(y) = -y**3 + y**2 - 11*y + 31829. Is x(s) a composite number?
True
Suppose z + 3*z = -8. Let r be 3 + z + 0 + -1. Let u(k) = k + 209. Is u(r) a prime number?
False
Is 2/9 - (3 + (-14838648)/54) composite?
False
Let y be 1 + ((-102)/(-8))/(18/6864). Suppose 4*k - 20 = 0, 0 = 3*n - 3*k - y - 32475. Is n prime?
True
Let g(j) = 24155*j**2 + 23. Is g(-2) a composite number?
False
Let a(v) = -17 - 117*v + 8*v + 40*v. Let u = -6 + 0. Is a(u) composite?
False
Let b be (-11 - -2) + -10 + 9. Is (-10326)/4*7/(105/b) a prime number?
True
Suppose 0 = -2*k - 0*k + 28. Let o be k/91 - (1 + 76/(-13)). Suppose 4*c = 3*g - c - 881, -o*c - 1168 = -4*g. Is g composite?
True
Let h be 2/(4*1/8). Suppose 3*x + 1521 = 5*l, l = -l - h*x + 598. Is l prime?
False
Suppose -5*u = -2*w - u - 1778, -w = 3*u + 879. Let s be w/(-6)*112/35. Suppose 3*d - a + s - 1936 = 0, d - 3*a - 496 = 0. Is d composite?
False
Let b be 0 + 6*(-687685)/(-30). Suppose -17425 = 16*v - b. Is v prime?
True
Suppose 0 = 3*c + 15, 2*c + 381 = -5*f + 61. Let a = 67 + f. Suppose 0 = 3*n + 1 + 2, 0 = -3*w + a*n + 4088. Is w composite?
False
Suppose 938*t + 350521 + 1040861 = 956*t. Is t composite?
True
Let l(r) = -r**3 - 3*r**2 + 8*r + 8. Let w be l(-6). Suppose 12*i + w + 124 = 0. Let n(g) = -33*g - 1. Is n(i) prime?
False
Suppose -27 = -3*h + 36. Let p(x) = -x**3 + 21*x**2 + 4. Let i be p(h). Suppose 1612 = i*k + 84. Is k a composite number?
True
Suppose -6*y = 5 - 83. Suppose 0 = y*b - 54185 - 5433. Suppose -11*g = -14739 + b. Is g a prime number?
False
Let f(t) = -t**2 + 7*t - 5. Let q be f(4). Suppose -3*y - 3*v + 3 = 0, 2 = 41*v - 39*v. Suppose -q = -4*n - 23, y = o + n - 1357. Is o composite?
False
Let n(w) = -w**3 - 14*w**2 - 25*w. Let m be n(-12). Suppose m*c + 18 = 9*c. Let z(v) = v**3 + 10*v**2 + 2*v - 5. Is z(c) a prime number?
True
Let n be (1 - -14)*3/9. Suppose 4*h - 1754 - 12363 = -3*a, n*h = 4*a - 18802. Is a composite?
False
Let w(n) = 24*n**3 - 16*n**2 - 43*n + 1. Let j be w(-5). Let p = 5493 + j. Is p a composite number?
False
Suppose s = 3*p - 35991 + 11117, -5*s = 3*p - 24850. Let b = -2993 + p. Is b a composite number?
False
Let f = 1625 + 14628. Is f a composite number?
False
Suppose -3*b = -w + 24 - 353, 4*w + 428 = 4*b. Suppose -b = -c + 1615. Is c a composite number?
True
Is (-19815790)/(-35) + 20/70*(-6)/4 a composite number?
True
Suppose 5*q - 10*q = 3*d + 370, -5*q - 5*d - 380 = 0. Let a = -66 - q. Suppose a*v = -5*o + 1360 + 1120, -5*o = -3*v + 1512. Is v prime?
True
Let s be ((-5420)/(-8))/((-55)/(-44)). Suppose 170 = 3*m + 1154. Let j = s + m. Is j a prime number?
False
Let w = 20245 - 13662. Is w composite?
True
Let g(p) = 136*p**3 + p**2 + 3*p + 2. Let b be g(-1). Let x = b + 210. Is x a prime number?
False
Let p = 118450 + 89005. Is p composite?
True
Suppose -554*l + 3344091 = -549*l - 2*a, -2*a - 2675270 = -4*l. Is l a composite number?
False
Let o(u) = -u**2 - 7*u - 14. Let v be o(-7). Let m(w) = -12*w + 19. Let h(b) = -23*b + 37. Let y(c) = 4*h(c) - 7*m(c). Is y(v) prime?